{"id":10567,"date":"2025-07-07T17:18:46","date_gmt":"2025-07-07T22:18:46","guid":{"rendered":"https:\/\/solutionspragmatic.com\/eppsraidon\/?post_type=product&#038;p=10567"},"modified":"2025-07-07T17:18:46","modified_gmt":"2025-07-07T22:18:46","slug":"cascos-de-seguridad-msa-v-gard-minero-ala-ancha","status":"publish","type":"product","link":"https:\/\/solutionspragmatic.com\/eppsraidon\/index.php\/product\/cascos-de-seguridad-msa-v-gard-minero-ala-ancha\/","title":{"rendered":"Cascos de Seguridad MSA V-Gard Minero Ala Ancha"},"content":{"rendered":"","protected":false},"excerpt":{"rendered":"<p>Cascos de Seguridad MSA V-Gard de Ala Ancha,\u00a0 es un tipo sombrero con su distintivo dise\u00f1o de marca \u00abV\u00bb, es una marca mundialmente reconocida por su comodidad, calidad y durabilidad. MSA ha vendido m\u00e1s de 100 millones de cascos V-Gard desde su lanzamiento, tantos, de hecho, que el ic\u00f3nico dise\u00f1o \u00abV\u00bb es reconocido en todas las industrias. Cuando desee la mejor comodidad, calidad y durabilidad que usan millones de personas en todo el mundo, debe comprar el casco\u00a0<a href=\"https:\/\/eppsperu.pe\/categoria-producto\/cascos-de-seguridad\/casco-msa\/\">MSA<\/a>\u00a0V-Gard original, y no se contentar\u00e1 con nada menos.<\/p>\n","protected":false},"featured_media":10568,"comment_status":"open","ping_status":"closed","template":"","meta":[],"product_brand":[50],"product_cat":[77],"product_tag":[],"class_list":{"0":"post-10567","1":"product","2":"type-product","3":"status-publish","4":"has-post-thumbnail","6":"product_brand-msa-safety","7":"product_cat-cascos","9":"first","10":"instock","11":"sale","12":"downloadable","13":"sold-individually","14":"shipping-taxable","15":"purchasable","16":"product-type-simple"},"_links":{"self":[{"href":"https:\/\/solutionspragmatic.com\/eppsraidon\/index.php\/wp-json\/wp\/v2\/product\/10567","targetHints":{"allow":["GET"]}}],"collection":[{"href":"https:\/\/solutionspragmatic.com\/eppsraidon\/index.php\/wp-json\/wp\/v2\/product"}],"about":[{"href":"https:\/\/solutionspragmatic.com\/eppsraidon\/index.php\/wp-json\/wp\/v2\/types\/product"}],"replies":[{"embeddable":true,"href":"https:\/\/solutionspragmatic.com\/eppsraidon\/index.php\/wp-json\/wp\/v2\/comments?post=10567"}],"wp:featuredmedia":[{"embeddable":true,"href":"https:\/\/solutionspragmatic.com\/eppsraidon\/index.php\/wp-json\/wp\/v2\/media\/10568"}],"wp:attachment":[{"href":"https:\/\/solutionspragmatic.com\/eppsraidon\/index.php\/wp-json\/wp\/v2\/media?parent=10567"}],"wp:term":[{"taxonomy":"product_brand","embeddable":true,"href":"https:\/\/solutionspragmatic.com\/eppsraidon\/index.php\/wp-json\/wp\/v2\/product_brand?post=10567"},{"taxonomy":"product_cat","embeddable":true,"href":"https:\/\/solutionspragmatic.com\/eppsraidon\/index.php\/wp-json\/wp\/v2\/product_cat?post=10567"},{"taxonomy":"product_tag","embeddable":true,"href":"https:\/\/solutionspragmatic.com\/eppsraidon\/index.php\/wp-json\/wp\/v2\/product_tag?post=10567"}],"curies":[{"name":"wp","href":"https:\/\/api.w.org\/{rel}","templated":true}]}}